{"id":3,"date":"2025-03-12T07:53:14","date_gmt":"2025-03-12T06:53:14","guid":{"rendered":"https:\/\/andreas-berner.de\/?page_id=3"},"modified":"2025-06-25T20:18:06","modified_gmt":"2025-06-25T18:18:06","slug":"datenschutzerklaerung","status":"publish","type":"page","link":"https:\/\/andreas-berner.de\/index.php\/datenschutzerklaerung\/","title":{"rendered":"Datenschutzerkl\u00e4rung"},"content":{"rendered":"\n<h1 class=\"wp-block-heading\">Datenschutzerkl\u00e4rung<\/h1>\n\n\n\n<h2 class=\"wp-block-heading\">1. Allgemeine Hinweise<\/h2>\n\n\n\n<p>Der Schutz Ihrer personenbezogenen Daten ist uns ein wichtiges Anliegen. Nachfolgend informieren wir Sie \u00fcber die Erhebung, Verarbeitung und Nutzung personenbezogener Daten bei der Nutzung unserer Website gem\u00e4\u00df Art.\u202f13 DSGVO.<\/p>\n\n\n\n<p><strong>Verantwortlicher Anbieter:<\/strong> <br>Dipl. Inform. Andreas Berner IT-Beratung<br>Zur Kaisereiche 52a<br>42349 Wuppertal<\/p>\n\n\n\n<p><\/p>\n\n\n\n<hr class=\"wp-block-separator has-alpha-channel-opacity\"\/>\n\n\n\n<h2 class=\"wp-block-heading\">2. Erhebung und Speicherung personenbezogener Daten sowie Art und Zweck ihrer Verwendung<\/h2>\n\n\n\n<h3 class=\"wp-block-heading\">a) Beim Besuch der Website<\/h3>\n\n\n\n<p>Beim Aufrufen unserer Website werden durch den Browser auf Ihrem Endger\u00e4t automatisch Informationen an unseren Server gesendet. Diese Informationen werden tempor\u00e4r in einem sogenannten Logfile gespeichert.<\/p>\n\n\n\n<p><strong>Erfasst werden:<\/strong><\/p>\n\n\n\n<ul class=\"wp-block-list\">\n<li>IP-Adresse des anfragenden Rechners<\/li>\n\n\n\n<li>Datum und Uhrzeit des Zugriffs<\/li>\n\n\n\n<li>Name und URL der abgerufenen Datei<\/li>\n\n\n\n<li>Website, von der aus der Zugriff erfolgt (Referrer-URL)<\/li>\n\n\n\n<li>verwendeter Browser und ggf. das Betriebssystem Ihres Rechners<\/li>\n<\/ul>\n\n\n\n<p><strong>Zweck der Verarbeitung:<\/strong><\/p>\n\n\n\n<ul class=\"wp-block-list\">\n<li>Gew\u00e4hrleistung eines reibungslosen Verbindungsaufbaus<\/li>\n\n\n\n<li>Systemsicherheit und -stabilit\u00e4t<\/li>\n\n\n\n<li>statistische Auswertung (anonymisiert)<\/li>\n<\/ul>\n\n\n\n<p><strong>Rechtsgrundlage:<\/strong> Art.\u202f6 Abs.\u202f1 lit.\u202ff DSGVO (berechtigtes Interesse)<\/p>\n\n\n\n<h3 class=\"wp-block-heading\">b) Bei Nutzung unseres Kontaktformulars<\/h3>\n\n\n\n<p>Wenn Sie uns per Kontaktformular Anfragen zukommen lassen, werden Ihre Angaben aus dem Formular inklusive der von Ihnen angegebenen Kontaktdaten gespeichert.<\/p>\n\n\n\n<p><strong>Verarbeitet werden:<\/strong><\/p>\n\n\n\n<ul class=\"wp-block-list\">\n<li>Name<\/li>\n\n\n\n<li>E-Mail-Adresse<\/li>\n\n\n\n<li>Nachrichtentext<\/li>\n<\/ul>\n\n\n\n<p><strong>Zweck:<\/strong> Beantwortung Ihrer Anfrage<br><strong>Rechtsgrundlage:<\/strong> Art.\u202f6 Abs.\u202f1 lit.\u202fb DSGVO (vorvertragliche Ma\u00dfnahme)<\/p>\n\n\n\n<hr class=\"wp-block-separator has-alpha-channel-opacity\"\/>\n\n\n\n<h2 class=\"wp-block-heading\">3. Weitergabe von Daten<\/h2>\n\n\n\n<p>Eine \u00dcbermittlung Ihrer pers\u00f6nlichen Daten an Dritte erfolgt nur, wenn:<\/p>\n\n\n\n<ul class=\"wp-block-list\">\n<li>Sie Ihre ausdr\u00fcckliche Einwilligung erteilt haben (Art.\u202f6 Abs.\u202f1 lit.\u202fa DSGVO)<\/li>\n\n\n\n<li>die Weitergabe zur Erf\u00fcllung eines Vertrags erforderlich ist (Art.\u202f6 Abs.\u202f1 lit.\u202fb DSGVO)<\/li>\n\n\n\n<li>eine rechtliche Verpflichtung besteht (Art.\u202f6 Abs.\u202f1 lit.\u202fc DSGVO)<\/li>\n\n\n\n<li>die Verarbeitung zur Wahrung berechtigter Interessen erforderlich ist (Art.\u202f6 Abs.\u202f1 lit.\u202ff DSGVO)<\/li>\n<\/ul>\n\n\n\n<hr class=\"wp-block-separator has-alpha-channel-opacity\"\/>\n\n\n\n<h2 class=\"wp-block-heading\">4. Cookies<\/h2>\n\n\n\n<p>Unsere Website verwendet ausschlie\u00dflich technisch notwendige Cookies, um die Funktionalit\u00e4t der Seite sicherzustellen. Diese Cookies speichern keine personenbezogenen Daten und werden beim Schlie\u00dfen des Browsers gel\u00f6scht.<\/p>\n\n\n\n<p><strong>Rechtsgrundlage:<\/strong> \u00a7\u202f25 Abs.\u202f2 Nr.\u202f2 TTDSG, Art.\u202f6 Abs.\u202f1 lit.\u202ff DSGVO<\/p>\n\n\n\n<hr class=\"wp-block-separator has-alpha-channel-opacity\"\/>\n\n\n\n<h2 class=\"wp-block-heading\">5. Ihre Rechte<\/h2>\n\n\n\n<p>Sie haben das Recht:<\/p>\n\n\n\n<ul class=\"wp-block-list\">\n<li>auf Auskunft \u00fcber Ihre bei uns gespeicherten personenbezogenen Daten (Art.\u202f15 DSGVO)<\/li>\n\n\n\n<li>auf Berichtigung unrichtiger Daten (Art.\u202f16 DSGVO)<\/li>\n\n\n\n<li>auf L\u00f6schung Ihrer Daten (Art.\u202f17 DSGVO)<\/li>\n\n\n\n<li>auf Einschr\u00e4nkung der Verarbeitung (Art.\u202f18 DSGVO)<\/li>\n\n\n\n<li>auf Daten\u00fcbertragbarkeit (Art.\u202f20 DSGVO)<\/li>\n\n\n\n<li>Widerspruch gegen die Verarbeitung (Art.\u202f21 DSGVO)<\/li>\n<\/ul>\n\n\n\n<p>Bitte richten Sie entsprechende Anfragen an: <strong>datenschutz@mustermann-it.de<\/strong><\/p>\n\n\n\n<hr class=\"wp-block-separator has-alpha-channel-opacity\"\/>\n\n\n\n<h2 class=\"wp-block-heading\">6. Beschwerderecht bei der Aufsichtsbeh\u00f6rde<\/h2>\n\n\n\n<p>Sie haben das Recht, sich bei einer Datenschutz-Aufsichtsbeh\u00f6rde \u00fcber die Verarbeitung Ihrer personenbezogenen Daten zu beschweren. Zust\u00e4ndig ist z.\u202fB.:<\/p>\n\n\n\n<p>Landesbeauftragte f\u00fcr Datenschutz und Informationsfreiheit Nordrhein-Westfalen<br>Kavalleriestra\u00dfe 2\u20134<br>40213 D\u00fcsseldorf<br><a href=\"https:\/\/www.ldi.nrw.de\">www.ldi.nrw.de<\/a><\/p>\n\n\n\n<hr class=\"wp-block-separator has-alpha-channel-opacity\"\/>\n\n\n\n<h2 class=\"wp-block-heading\">7. Datensicherheit<\/h2>\n\n\n\n<p>Wir verwenden geeignete technische und organisatorische Sicherheitsma\u00dfnahmen, um Ihre Daten gegen Manipulation, Verlust oder unbefugten Zugriff Dritter zu sch\u00fctzen.<\/p>\n\n\n\n<hr class=\"wp-block-separator has-alpha-channel-opacity\"\/>\n\n\n\n<h2 class=\"wp-block-heading\">8. Aktualit\u00e4t und \u00c4nderung dieser Datenschutzerkl\u00e4rung<\/h2>\n\n\n\n<p>Diese Datenschutzerkl\u00e4rung ist aktuell g\u00fcltig und hat den Stand <strong>25. Juni 2025<\/strong>. Durch die Weiterentwicklung unserer Website oder aufgrund ge\u00e4nderter gesetzlicher Vorgaben kann eine \u00c4nderung dieser Erkl\u00e4rung erforderlich werden.<\/p>\n\n\n\n<p><\/p>\n","protected":false},"excerpt":{"rendered":"<p>Datenschutzerkl\u00e4rung 1. Allgemeine Hinweise Der Schutz Ihrer personenbezogenen Daten ist uns ein wichtiges Anliegen. Nachfolgend informieren wir Sie \u00fcber die Erhebung, Verarbeitung und Nutzung personenbezogener Daten bei der Nutzung unserer Website gem\u00e4\u00df Art.\u202f13 DSGVO. Verantwortlicher Anbieter: Dipl. Inform. Andreas Berner IT-BeratungZur Kaisereiche 52a42349 Wuppertal 2. Erhebung und Speicherung personenbezogener Daten sowie Art und Zweck ihrer&#8230;<\/p>\n","protected":false},"author":1,"featured_media":0,"parent":0,"menu_order":0,"comment_status":"closed","ping_status":"open","template":"","meta":{"_kadence_starter_templates_imported_post":false,"_kad_post_transparent":"","_kad_post_title":"","_kad_post_layout":"","_kad_post_sidebar_id":"","_kad_post_content_style":"","_kad_post_vertical_padding":"","_kad_post_feature":"","_kad_post_feature_position":"","_kad_post_header":false,"_kad_post_footer":false,"footnotes":""},"class_list":["post-3","page","type-page","status-publish","hentry"],"_links":{"self":[{"href":"https:\/\/andreas-berner.de\/index.php\/wp-json\/wp\/v2\/pages\/3","targetHints":{"allow":["GET"]}}],"collection":[{"href":"https:\/\/andreas-berner.de\/index.php\/wp-json\/wp\/v2\/pages"}],"about":[{"href":"https:\/\/andreas-berner.de\/index.php\/wp-json\/wp\/v2\/types\/page"}],"author":[{"embeddable":true,"href":"https:\/\/andreas-berner.de\/index.php\/wp-json\/wp\/v2\/users\/1"}],"replies":[{"embeddable":true,"href":"https:\/\/andreas-berner.de\/index.php\/wp-json\/wp\/v2\/comments?post=3"}],"version-history":[{"count":1,"href":"https:\/\/andreas-berner.de\/index.php\/wp-json\/wp\/v2\/pages\/3\/revisions"}],"predecessor-version":[{"id":175,"href":"https:\/\/andreas-berner.de\/index.php\/wp-json\/wp\/v2\/pages\/3\/revisions\/175"}],"wp:attachment":[{"href":"https:\/\/andreas-berner.de\/index.php\/wp-json\/wp\/v2\/media?parent=3"}],"curies":[{"name":"wp","href":"https:\/\/api.w.org\/{rel}","templated":true}]}}

Datenschutzerklärung

<h1 class="wp-block-heading">Datenschutzerklärung</h1>



<h2 class="wp-block-heading">1. Allgemeine Hinweise</h2>



<p>Der Schutz Ihrer personenbezogenen Daten ist uns ein wichtiges Anliegen. Nachfolgend informieren wir Sie über die Erhebung, Verarbeitung und Nutzung personenbezogener Daten bei der Nutzung unserer Website gemäß Art. 13 DSGVO.</p>



<p><strong>Verantwortlicher Anbieter:</strong> <br>Dipl. Inform. Andreas Berner IT-Beratung<br>Zur Kaisereiche 52a<br>42349 Wuppertal</p>



<p></p>



<hr class="wp-block-separator has-alpha-channel-opacity"/>



<h2 class="wp-block-heading">2. Erhebung und Speicherung personenbezogener Daten sowie Art und Zweck ihrer Verwendung</h2>



<h3 class="wp-block-heading">a) Beim Besuch der Website</h3>



<p>Beim Aufrufen unserer Website werden durch den Browser auf Ihrem Endgerät automatisch Informationen an unseren Server gesendet. Diese Informationen werden temporär in einem sogenannten Logfile gespeichert.</p>



<p><strong>Erfasst werden:</strong></p>



<ul class="wp-block-list">
<li>IP-Adresse des anfragenden Rechners</li>



<li>Datum und Uhrzeit des Zugriffs</li>



<li>Name und URL der abgerufenen Datei</li>



<li>Website, von der aus der Zugriff erfolgt (Referrer-URL)</li>



<li>verwendeter Browser und ggf. das Betriebssystem Ihres Rechners</li>
</ul>



<p><strong>Zweck der Verarbeitung:</strong></p>



<ul class="wp-block-list">
<li>Gewährleistung eines reibungslosen Verbindungsaufbaus</li>



<li>Systemsicherheit und -stabilität</li>



<li>statistische Auswertung (anonymisiert)</li>
</ul>



<p><strong>Rechtsgrundlage:</strong> Art. 6 Abs. 1 lit. f DSGVO (berechtigtes Interesse)</p>



<h3 class="wp-block-heading">b) Bei Nutzung unseres Kontaktformulars</h3>



<p>Wenn Sie uns per Kontaktformular Anfragen zukommen lassen, werden Ihre Angaben aus dem Formular inklusive der von Ihnen angegebenen Kontaktdaten gespeichert.</p>



<p><strong>Verarbeitet werden:</strong></p>



<ul class="wp-block-list">
<li>Name</li>



<li>E-Mail-Adresse</li>



<li>Nachrichtentext</li>
</ul>



<p><strong>Zweck:</strong> Beantwortung Ihrer Anfrage<br><strong>Rechtsgrundlage:</strong> Art. 6 Abs. 1 lit. b DSGVO (vorvertragliche Maßnahme)</p>



<hr class="wp-block-separator has-alpha-channel-opacity"/>



<h2 class="wp-block-heading">3. Weitergabe von Daten</h2>



<p>Eine Übermittlung Ihrer persönlichen Daten an Dritte erfolgt nur, wenn:</p>



<ul class="wp-block-list">
<li>Sie Ihre ausdrückliche Einwilligung erteilt haben (Art. 6 Abs. 1 lit. a DSGVO)</li>



<li>die Weitergabe zur Erfüllung eines Vertrags erforderlich ist (Art. 6 Abs. 1 lit. b DSGVO)</li>



<li>eine rechtliche Verpflichtung besteht (Art. 6 Abs. 1 lit. c DSGVO)</li>



<li>die Verarbeitung zur Wahrung berechtigter Interessen erforderlich ist (Art. 6 Abs. 1 lit. f DSGVO)</li>
</ul>



<hr class="wp-block-separator has-alpha-channel-opacity"/>



<h2 class="wp-block-heading">4. Cookies</h2>



<p>Unsere Website verwendet ausschließlich technisch notwendige Cookies, um die Funktionalität der Seite sicherzustellen. Diese Cookies speichern keine personenbezogenen Daten und werden beim Schließen des Browsers gelöscht.</p>



<p><strong>Rechtsgrundlage:</strong> § 25 Abs. 2 Nr. 2 TTDSG, Art. 6 Abs. 1 lit. f DSGVO</p>



<hr class="wp-block-separator has-alpha-channel-opacity"/>



<h2 class="wp-block-heading">5. Ihre Rechte</h2>



<p>Sie haben das Recht:</p>



<ul class="wp-block-list">
<li>auf Auskunft über Ihre bei uns gespeicherten personenbezogenen Daten (Art. 15 DSGVO)</li>



<li>auf Berichtigung unrichtiger Daten (Art. 16 DSGVO)</li>



<li>auf Löschung Ihrer Daten (Art. 17 DSGVO)</li>



<li>auf Einschränkung der Verarbeitung (Art. 18 DSGVO)</li>



<li>auf Datenübertragbarkeit (Art. 20 DSGVO)</li>



<li>Widerspruch gegen die Verarbeitung (Art. 21 DSGVO)</li>
</ul>



<p>Bitte richten Sie entsprechende Anfragen an: <strong>datenschutz@mustermann-it.de</strong></p>



<hr class="wp-block-separator has-alpha-channel-opacity"/>



<h2 class="wp-block-heading">6. Beschwerderecht bei der Aufsichtsbehörde</h2>



<p>Sie haben das Recht, sich bei einer Datenschutz-Aufsichtsbehörde über die Verarbeitung Ihrer personenbezogenen Daten zu beschweren. Zuständig ist z. B.:</p>



<p>Landesbeauftragte für Datenschutz und Informationsfreiheit Nordrhein-Westfalen<br>Kavalleriestraße 2–4<br>40213 Düsseldorf<br><a href="https://www.ldi.nrw.de">www.ldi.nrw.de</a></p>



<hr class="wp-block-separator has-alpha-channel-opacity"/>



<h2 class="wp-block-heading">7. Datensicherheit</h2>



<p>Wir verwenden geeignete technische und organisatorische Sicherheitsmaßnahmen, um Ihre Daten gegen Manipulation, Verlust oder unbefugten Zugriff Dritter zu schützen.</p>



<hr class="wp-block-separator has-alpha-channel-opacity"/>



<h2 class="wp-block-heading">8. Aktualität und Änderung dieser Datenschutzerklärung</h2>



<p>Diese Datenschutzerklärung ist aktuell gültig und hat den Stand <strong>25. Juni 2025</strong>. Durch die Weiterentwicklung unserer Website oder aufgrund geänderter gesetzlicher Vorgaben kann eine Änderung dieser Erklärung erforderlich werden.</p>



<p></p>

<p>Datenschutzerklärung 1. Allgemeine Hinweise Der Schutz Ihrer personenbezogenen Daten ist uns ein wichtiges Anliegen. Nachfolgend informieren wir Sie über die Erhebung, Verarbeitung und Nutzung personenbezogener Daten bei der Nutzung unserer Website gemäß Art. 13 DSGVO. Verantwortlicher Anbieter: Dipl. Inform. Andreas Berner IT-BeratungZur Kaisereiche 52a42349 Wuppertal 2. Erhebung und Speicherung personenbezogener Daten sowie Art und Zweck ihrer&#8230;</p>
